or of 75 and 9?
3
What is the highest common factor of 50 and 14100?
50
Calculate the highest common factor of 91 and 52.
13
What is the greatest common divisor of 16 and 5392?
16
What is the greatest common factor of 1541 and 67?
67
Calculate the highest common factor of 8 and 596.
4
Calculate the greatest common factor of 40 and 70.
10
What is the highest common divisor of 366 and 42?
6
What is the highest common factor of 88 and 8?
8
What is the greatest common factor of 242 and 121?
121
Calculate the highest common divisor of 153 and 1734.
51
Calculate the greatest common factor of 2193 and 153.
51
Calculate the highest common divisor of 43048 and 8.
8
What is the highest common factor of 297 and 11?
11
Calculate the greatest common factor of 140 and 532.
28
Calculate the greatest common divisor of 133 and 304.
19
Calculate the greatest common divisor of 102 and 6.
6
Calculate the highest common factor of 33 and 363.
33
What is the highest common factor of 779 and 41?
41
Calculate the greatest common factor of 2900 and 1044.
116
Calculate the highest common factor of 4382 and 14.
14
Calculate the greatest common divisor of 112 and 7.
7
Calculate the highest common divisor of 198 and 96.
6
Calculate the highest common factor of 29815 and 5.
5
Calculate the highest common divisor of 497 and 14129.
71
Calculate the highest common divisor of 370 and 20.
10
Calculate the highest common factor of 5148 and 330.
66
Calculate the highest common divisor of 25 and 320.
5
Calculate the highest common divisor of 44 and 1342.
22
Calculate the greatest common divisor of 99 and 154.
11
What is the greatest common divisor of 828 and 736?
92
Calculate the greatest common factor of 28 and 4207.
7
What is the greatest common factor of 150 and 4?
2
Calculate the greatest common divisor of 150 and 45.
15
Calculate the highest common factor of 131 and 5633.
131
What is the greatest common divisor of 69 and 9?
3
What is the highest common factor of 5748 and 228?
12
Calculate the greatest common divisor of 27 and 885.
3
Calculate the greatest common factor of 225 and 210.
15
What is the highest common factor of 26104 and 16?
8
Calculate the highest common divisor of 637 and 224.
7
Calculate the highest common divisor of 240 and 160.
80
What is the highest common factor of 156 and 429?
39
Calculate the greatest common divisor of 11 and 209.
11
What is the highest common divisor of 728 and 280?
56
What is the highest common divisor of 329 and 7?
7
Calculate the greatest common divisor of 75 and 270.
15
What is the greatest common factor of 380 and 95?
95
What is the highest common divisor of 19920 and 1200?
240
What is the highest common divisor of 82 and 6847?
41
Calculate the greatest common divisor of 13735 and 82.
41
What is the highest common divisor of 3 and 2846?
1
Calculate the greatest common factor of 23 and 1012.
23
What is the greatest common factor of 147 and 637?
49
What is the highest common divisor of 14 and 42?
14
What is the greatest common factor of 15 and 237?
3
Calculate the greatest common divisor of 1776 and 48.
48
Calculate the greatest common divisor of 38 and 1026.
38
What is the highest common factor of 8 and 256?
8
What is the highest common divisor of 58 and 88?
2
What is the highest common factor of 21 and 14?
7
Calculate the greatest common factor of 46 and 46.
46
What is the greatest common factor of 2 and 2119?
1
Calculate the greatest common divisor of 410 and 66830.
410
Calculate the greatest common factor of 856 and 456.
8
What is the greatest common factor of 60 and 6360?
60
Calculate the highest common factor of 399 and 2280.
57
What is the highest common divisor of 1377 and 81?
81
Calculate the greatest common factor of 85 and 493.
17
Calculate the greatest common divisor of 2115 and 9.
9
Calculate the greatest common divisor of 52 and 65.
13
Calculate the highest common divisor of 2562 and 42.
42
Calculate the highest common factor of 9 and 9549.
9
Calculate the highest common divisor of 10 and 38.
2
Calculate the greatest common factor of 128 and 112.
16
What is the highest common divisor of 7003 and 298?
149
What is the highest common divisor of 288 and 216?
72
What is the greatest common factor of 135 and 2265?
15
What is the greatest common factor of 504 and 63?
63
Calculate the highest common divisor of 20 and 3460.
20
Calculate the greatest common factor of 221 and 187.
17
Calculate the highest common factor of 687 and 3.
3
What is the highest common factor of 90 and 405?
45
Calculate the greatest common divisor of 156 and 1300.
52
What is the highest common divisor of 14 and 12?
2
Calculate the highest common divisor of 60 and 405.
15
Calculate the highest common factor of 92579 and 43.
43
What is the greatest common divisor of 1120 and 4340?
140
What is the greatest common factor of 552 and 24?
24
What is the highest common divisor of 12 and 33?
3
What is the highest common divisor of 16 and 232?
8
Calculate the highest common factor of 1235 and 1040.
65
What is the highest common factor of 24 and 45912?
24
Calculate the highest common factor of 11 and 1177.
11
Calculate the highest common divisor of 4764 and 36.
12
Calculate the highest common divisor of 40 and 128.
8
Calculate the highest common factor of 2760 and 120.
120
What is the greatest common divisor of 73 and 23068?
73
What is the greatest common divisor of 216 and 1848?
24
What is the highest common divisor of 7675 and 25?
25
Calculate the highest common divisor of 50 and 9640.
10
What is the greatest common factor of 28 and 9534?
14
Calculate the highest common factor of 44 and 154.
22
What is the greatest common divisor of 368 and 23?
23
What is the highest common factor of 3 and 36327?
3
Calculate the greatest common factor of 14 and 2149.
7
Calculate the highest common divisor of 10 and 635.
5
Calculate the greatest common divisor of 914 and 14.
2
What is the greatest common divisor of 1415 and 15?
5
Calculate the highest common divisor of 8 and 944.
8
What is the greatest common divisor of 4 and 84?
4
What is the greatest common factor of 8274 and 42?
42
What is the highest common factor of 100 and 700?
100
What is the greatest common divisor of 224 and 3304?
56
What is the greatest common divisor of 115 and 3059?
23
Calculate the highest common factor of 1292 and 544.
68
What is the greatest common factor of 2 and 90?
2
Calculate the highest common factor of 152 and 3914.
38
Calculate the highest common factor of 32 and 352.
32
Calculate the highest common factor of 799 and 884.
17
Calculate the greatest common divisor of 1310 and 10.
10
What is the highest common factor of 424 and 8798?
106
What is the highest common divisor of 637 and 104?
13
What is the highest common factor of 32 and 1024?
32
Calculate the greatest common factor of 207 and 45.
9
Calculate the greatest common factor of 321 and 6.
3
What is the greatest common factor of 136 and 17?
17
What is the greatest common divisor of 66 and 770?
22
Calculate the greatest common factor of 58 and 986.
58
Calculate the highest common divisor of 44 and 121.
11
What is the greatest common factor of 20456 and 8?
8
Calculate the highest common divisor of 3358 and 438.
146
What is the highest common factor of 988 and 152?
76
Calculate the highest common divisor of 72 and 7704.
72
What is the greatest common divisor of 1695 and 30?
15
Calculate the greatest common divisor of 33 and 429.
33
Calculate the greatest common factor of 60 and 2955.
15
What is the highest common factor of 19662 and 174?
174
What is the greatest common factor of 276 and 12?
12
What is the highest common divisor of 744 and 217?
31
What is the highest common divisor of 14 and 6?
2
Calculate the greatest common factor of 180 and 5076.
36
Calculate the highest common factor of 48 and 114.
6
Calculate the highest common divisor of 40 and 50.
10
Calculate the highest common factor of 344 and 64.
8
Calculate the greatest common divisor of 145 and 203.
29
What is the highest common divisor of 2167 and 33?
11
What is the greatest common divisor of 752 and 368?
16
Calculate the highest common factor of 88 and 2948.
44
Calculate the highest common factor of 8 and 23944.
8
What is the greatest common divisor of 407 and 37?
37
What is 